 = b**3 - 133*b**2 + 2808*b + 49275. Give y(100).
75
Let t(q) = -q**3 + 9*q**2 - 179*q + 1459. What is t(0)?
1459
Let f(c) = c**3 - 8*c**2 - 245*c - 215. Calculate f(-11).
181
Let l(d) = -d**3 + 10361*d**2 - 113838*d - 134. Give l(11).
-2
Let d(c) = -45*c**2 + 565*c - 1635. Determine d(4).
-95
Let n(l) = l**3 + 54*l**2 - 1031*l + 881. Give n(-69).
605
Let m(l) = 7*l**3 - 23*l**2 - 211*l + 868. What is m(4)?
104
Let w(r) = 24*r**3 - 64*r**2 - 441*r + 1283. Give w(3).
32
Let j(q) = 2570506*q - 33416572. Give j(13).
6
Let v(s) = -48*s + 1180. Calculate v(23).
76
Let k(h) = 562*h**2 + 22*h + 12. Give k(-1).
552
Let v(n) = -6553*n - 33528. Calculate v(-5).
-763
Let p(u) = -2*u**3 + 154*u**2 - 958*u + 17518. Calculate p(72).
382
Let n(s) = s**3 - 12*s**2 - 51*s + 308. Calculate n(14).
-14
Let k(z) = 30219*z + 483493. Give k(-16).
-11
Let b(t) = -15850*t - 44861. Give b(-3).
2689
Let g(a) = -a**3 - 269*a**2 + 1069*a - 6271. Give g(-273).
8
Let s(c) = -12*c**2 + 362*c - 2688. What is s(7)?
-742
Let r(x) = -9233*x + 55386. What is r(6)?
-12
Let f(v) = -4*v**2 - 113359*v + 453486. Determine f(4).
-14
Let d(u) = -2*u**2 - 2366*u + 23853. Give d(10).
-7
Let k(p) = 2*p**2 + 168297*p - 1009864. Determine k(6).
-10
Let c(m) = m**3 + 69*m**2 + 597*m + 65. What is c(-10)?
-5
Let v(x) = -35899*x - 610272. Calculate v(-17).
11
Let c(x) = 32029*x + 5508971. Determine c(-172).
-17
Let l(w) = 4116*w + 4251859. Calculate l(-1033).
31
Let b(y) = -y**3 - 41978*y**2 + 1638660*y + 105. What is b(39)?
-12
Let y(o) = o**3 + 5*o**2 - 14*o - 3. What is y(4)?
85
Let i(m) = 195*m - 25151. Calculate i(129).
4
Let o(j) = 10055*j + 2071314. Give o(-206).
-16
Let y(p) = -289*p**2 - 7679*p + 11558. Determine y(-28).
-6
Let x(l) = -7566*l + 461535. What is x(61)?
9
Let u(l) = -3250*l**2 + 52001*l - 20. Determine u(16).
-4
Let y(b) = -19048*b - 95192. What is y(-5)?
48
Let b(g) = -1188*g**2 + 2051*g + 644. Give b(2).
-6
Let z(j) = -6*j**2 + 1099*j + 3033. Calculate z(186).
-129
Let n(v) = -75*v**2 + 754*v + 775. Determine n(11).
-6
Let z(u) = u**2 - 1411*u - 5629. Calculate z(-4).
31
Let q(s) = 14960*s**2 - 179519*s - 18. Give q(12).
-6
Let a(j) = -3197*j - 274961. Give a(-86).
-19
Let k(t) = -t**2 + 3319*t - 59457. Give k(18).
-39
Let l(x) = 2*x**2 + 172*x + 1817. What is l(-58)?
-1431
Let w(l) = -4*l**3 + 1724*l**2 - 16839*l - 415. What is w(421)?
6
Let l(p) = -167*p + 1716. What is l(8)?
380
Let g(p) = -p**3 + 386*p**2 + 365*p - 288742. Give g(385).
8
Let q(p) = -841*p - 74773. Calculate q(-90).
917
Let k(o) = -2*o**3 - 38*o**2 + 24*o - 17. Determine k(-19).
-473
Let r(z) = -26238*z + 52490. What is r(2)?
14
Let y(q) = -218*q + 14267. Calculate y(66).
-121
Let f(t) = 4*t**2 - 61*t - 1206. Determine f(-12).
102
Let h(p) = -714*p + 272057. Give h(381).
23
Let q(v) = 8*v**3 - 1294*v**2 + 959*v + 950. Determine q(161).
-177
Let k(u) = -5*u**2 + 39402*u + 118205. Calculate k(-3).
-46
Let r(t) = -13299*t + 133233. Calculate r(10).
243
Let n(q) = -194516*q + 24898052. Give n(128).
4
Let a(n) = -3*n**2 - 92*n - 255. Give a(-5).
130
Let b(z) = -z**2 + 1009*z + 24984. Calculate b(-24).
192
Let u(h) = -47*h**3 + 70*h**2 - 19*h + 41. What is u(4)?
-1923
Let o(k) = 116*k**2 + 17*k + 47. What is o(-2)?
477
Let h(p) = p**3 + 12*p**2 - 8617*p - 60563. Give h(-7).
1
Let f(z) = z**2 + 984*z - 186995. Calculate f(163).
-34
Let f(g) = -185752*g + 1300174. Calculate f(7).
-90
Let b(u) = 5*u**2 - 388*u + 172. Calculate b(0).
172
Let g(p) = -8*p**2 + 416*p - 2848. Calculate g(7).
-328
Let k(v) = -4*v**3 - 8*v**2 - 63*v - 439. What is k(-8)?
1601
Let w(k) = -7*k**2 + 536*k - 3394. Determine w(7).
15
Let h(a) = -10*a**2 - 8146*a - 56525. Determine h(-7).
7
Let t(k) = -2*k**2 + 272*k - 4038. Calculate t(19).
408
Let y(d) = 696*d + 86974. Calculate y(-125).
-26
Let y(q) = q**3 + 18*q**2 + 64*q - 90. Determine y(-13).
-77
Let g(d) = 63*d**2 + 1207*d + 3618. Determine g(-3).
564
Let j(o) = 10*o - 939. Determine j(-39).
-1329
Let h(g) = g**3 + 301*g**2 + 582*g - 92870. Give h(-298).
106
Let y(v) = -2*v**2 - 795*v + 219314. Calculate y(-585).
-61
Let u(b) = b**3 - 328*b**2 - 19*b + 6234. Calculate u(328).
2
Let h(p) = -5*p**3 + 102*p**2 + 586*p - 12527. Give h(20).
-7
Let b(h) = -115*h - 12531. Give b(-109).
4
Let u(m) = m**2 + 239*m - 22523. Calculate u(75).
1027
Let f(p) = -6953*p - 41710. Calculate f(-6).
8
Let v(f) = -166783*f - 1000707. What is v(-6)?
-9
Let l(m) = 6*m**2 + 243*m + 1635. Give l(-21).
-822
Let k(c) = -1815*c**2 + 110709*c + 134. Calculate k(61).
-232
Let k(w) = 129688*w + 10634419. Calculate k(-82).
3
Let n(l) = -2*l**3 + 115*l**2 - 61*l - 255. What is n(57)?
-483
Let r(d) = 70*d - 1436. What is r(17)?
-246
Let s(o) = -3*o**2 - 7666*o - 30647. Calculate s(-4).
-31
Let y(q) = -7*q**2 + 618*q - 2957. Calculate y(83).
114
Let y(z) = -2*z**2 - 4817*z - 81288. Determine y(-17).
23
Let y(x) = -27*x**2 + 369*x + 1294. Give y(-3).
-56
Let h(g) = 4*g**3 - 210*g**2 + 30*g + 3822. Calculate h(52).
-26
Let s(i) = -i**2 + 4362*i + 368857. Give s(-83).
-78
Let n(v) = -v**3 - 43*v**2 - 416*v - 11828. What is n(-40)?
12
Let g(u) = -118*u**2 + 2933*u + 475. Calculate g(25).
50
Let u(s) = -9*s**3 - 1114*s**2 + 259*s + 1282. What is u(-124)?
-82
Let s(a) = -14*a**2 + 351*a + 3139. What is s(-9)?
-1154
Let a(h) = h**2 - 157*h + 2488. Give a(137).
-252
Let m(i) = 3418*i - 475035. What is m(139)?
67
Let q(d) = d**3 - 17*d**2 - 1001*d - 101. Determine q(-24).
307
Let f(c) = -17576*c - 1089725. What is f(-62)?
-13
Let d(n) = -n**2 - 1006*n - 78. Determine d(0).
-78
Let q(d) = 37*d**2 - 1032*d + 7236. Determine q(7).
1825
Let t(m) = 36*m**2 - 287*m + 2212. What is t(7)?
1967
Let s(u) = 72*u + 4838. Calculate s(-67).
14
Let n(r) = -4*r**3 + 9*r**2 + 165*r - 10. Calculate n(-6).
188
Let z(o) = 82650*o + 2314270. What is z(-28)?
70
Let v(q) = 4*q**2 + 148*q - 109. Calculate v(-39).
203
Let z(v) = v**3 - 181*v**2 + 3180*v - 8631. Give z(16).
9
Let b(j) = -113*j**2 - 558*j + 66. Give b(-5).
31
Let g(w) = 610*w**2 + 40274*w + 927. Calculate g(-66).
3
Let x(z) = -z**3 + 70*z**2 - 14*z + 6001. Give x(71).
-34
Let z(b) = -59*b**2 - 16668*b - 8503. Give z(-282).
-43
Let x(l) = 58*l**3 - 348*l**2 - 63*l + 376. Determine x(6).
-2
Let p(x) = 588*x**2 - 15269*x + 22. What is p(26)?
516
Let h(r) = -r**3 + 26*r**2 + 184*r - 35. Give h(-6).
13
Let h(s) = -s**3 - 116*s**2 - 2930*s - 6299. Calculate h(-33).
4
Let t(j) = -j**2 - 192*j + 9747. Calculate t(42).
-81
Let h(v) = -42*v**3 - 42*v**2 - 70*v - 8. Calculate h(-2).
300
Let u(s) = 18638*s + 37278. Give u(-2).
2
Let i(g) = -26557*g - 212292. Determine i(-8).
164
Let q(s) = s**2 - 99571*s - 3486204. Give q(-35).
6
Let q(i) = -1871*i - 31795. Determine q(-17).
12
Let d(j) = 2*j**2 + 2848*j + 671106. Determine d(-1126).
10
Let m(j) = 30*j**2 - 447*j - 238362. Calculate m(-82).
12
Let t(c) = 9*c**3 + 775*c**2 + 30*c - 4746. Give t(-86).
70
Let b(s) = -90618*s + 1449870. What is b(16)?
-18
Let h(m) = -91*m**3 + 209*m**2 - 1988*m + 3970. Determine h(2).
102
Let v(i) = i**3 - 179*i**2 + 6671*i - 3504. Give v(52).
-20
Let v(k) = 4559*k - 69197. Calculate v(15).
-812
Let d(s) = -2*s**3 + 319*s**2 + 932*s - 173449. Give d(159).
20
Let n(j) = 5831*j - 43153. Calculate n(7).
-2336
Let m(c) = 7*c**3 - 8*c**2 - 202*c - 13. Determine m(6).
-1
Let d(p) = -4*p**2 + 336*p + 18478. Give d(122).
-66
Let y(g) = -484*g - 1532. Give y(-3).
-80
Let q(o) = 36*o**3 + 217*o**2 + 11*o + 22. Determine q(-6).
-8
Let v(c) = 6*c**3 + 4344*c**2 - c - 737. Determine v(-724).
-13
Let o(n) = -n**3 - 47*n**2 - 65*n - 3000. Calculate o(-45).
-4125
Let u(o) = 100296*o + 702151. Calculate u(-7).
79
Let b(l) = 4*l**2 - 150*l + 969. What is b(8)?
25
Let d(f) = 1280*f**2 + 14012*f - 713. Determine d(-11).
35
Let m(y) = 14*y**2 - 651*y + 953. Determine m(45).
8
Let b(l) = -597*l**2 - 7271*l - 1318. Calculate b(-12).
-34
Let r(w) = 12*w**3 - 187*w**2 + 926*w - 16097. Give r(16).
-1
Let j(f) = -10320*f - 10346. What is j(-1)?
-26
Let q(a) = 6775*a - 70. What is q(0)?
-70
Let i(x) = 2986*x - 40927. What is i(14)?
877
Let x(y) = -247*y + 38711. Give x(156).
179
Let a(t) = -t**3 - 37*t**2 - 251*t + 5. What is a(-9)?
-4
Let w(r) = 94*r**2 - 950*r - 55. Determine w(10).
-155
Let q(y) = -201*y - 4266. Calculate q(-21).
-45
Le